the prime factors of d.
67
Suppose -34*x + 39*x - 1445 = 5*b, 3*x - 6 = 0. Let a = b + 863. List the prime factors of a.
2, 3
Suppose -8*s - 2*s = -6*s. List the prime factors of (s + -3)/6*(-817 + -1).
409
Suppose 32*c - 23*c = -11*c + 231840. What are the prime factors of c?
2, 3, 7, 23
Suppose 365*x - 238 = 358*x. Suppose 144 = 38*j - x*j. List the prime factors of j.
2, 3
What are the prime factors of 7974296/396*(-18)/(-4)?
90617
Let z = 755 - -5412. List the prime factors of z.
7, 881
Suppose 5*k - 5*o + 6 = -19, k + 4*o = 5. What are the prime factors of k - 2/((-8)/(-313))*-8?
7, 89
Suppose 0 = -t + 5*t - 5*a, 0 = -5*t + 5*a. What are the prime factors of -1 + t + (22 - -149)?
2, 5, 17
Let i be 2/10 - 52/40*14. Let l be (-66)/i + 8/(-12). What are the prime factors of ((-85)/l)/((-1)/3)?
5, 17
Let b = 14752 + -6992. What are the prime factors of b?
2, 5, 97
Let t(f) = 2*f - 4. Let x be t(2). Suppose x = -2*r + 5*m + 18, -r - 3*m - 2 = -0*r. List the prime factors of (-2)/r*-2 + (167 - -2).
2, 5, 17
Suppose 9252 = -1854*b + 1856*b. What are the prime factors of b?
2, 3, 257
Let l = 85 - -6. Suppose -8*r + 5*r = 4*i - 81, r = -4*i + l. List the prime factors of i.
2, 3
Let s be (-17)/(68/(-24)) - -1558. Suppose -7*z - 1941 = -12*z - t, 0 = -4*z + 2*t + s. What are the prime factors of z?
389
Let u be (-2)/((8/(-18))/((-66)/9)). Let p = u - -112. What are the prime factors of p + 4/8*0?
79
Let v = -8331 + 23157. List the prime factors of v.
2, 3, 7, 353
Let u = 4033 + -1783. List the prime factors of u/2 - (-13 + 2 + 9).
7, 23
Let p(c) = -18*c**3 + c**2 + 8*c - 7. Let l be p(3). Let y = -272 - l. List the prime factors of y.
2, 47
Let r be -2*(-10)/4 - 5. Suppose 5*f + 0*h - 208 = -2*h, h + 1 = r. List the prime factors of f.
2, 3, 7
Suppose -4*v - 3*v = -42. Let r be v/(-10) + 14/35*9. Suppose 3*y + r*y = 720. List the prime factors of y.
2, 3, 5
Suppose 0 = -c - 4*s + 2105, -4222 = -2*c - 17*s + 13*s. List the prime factors of c.
29, 73
Suppose 18 = -21*j + 20*j - 4*z, 4*j - z = 13. Suppose -j*i - 553 = -3*o, -3*i + 162 + 381 = 3*o. What are the prime factors of o?
3, 61
Suppose -9*a - 35 = -17. What are the prime factors of (149/a)/((-2)/8)?
2, 149
Suppose 14*m - 2766 = -1128. Let k be 2/(-9) + 29861/m. Suppose 66*j - 67*j = -k. What are the prime factors of j?
3, 5, 17
Suppose 0 = 2*m - 2 + 10. Let j be -3 - 0*m/16. What are the prime factors of (22/6 + -5)*j?
2
Suppose -2*l - 4 = 0, 5*j - 1375*l - 148175 = -1370*l. List the prime factors of j.
29633
Let z(s) = 8*s**2 + 81 - 3*s - 84 + 0*s - 5*s**3. What are the prime factors of z(-5)?
3, 31
Suppose 0 = 11*r - 4*r + 133. Let y(d) = 3*d**2 - 6*d + 29. What are the prime factors of y(r)?
2, 613
Let v(w) = 180*w**2 + 43*w - 228. List the prime factors of v(5).
7, 641
Let a(o) = 74*o + 890. What are the prime factors of a(51)?
2, 11, 53
Let w(m) = 169*m - 97. Let a(z) = 57*z - 32. Let q(u) = -7*a(u) + 2*w(u). List the prime factors of q(-6).
2, 3, 11
What are the prime factors of -7 + 3 - (5 - 7110)?
3, 263
Let y = -3342 - -15216. What are the prime factors of y?
2, 3, 1979
What are the prime factors of (6 - 12) + 6*(-1448)/(-6)?
2, 7, 103
Suppose -193*a - 3275939 + 3703749 + 8885791 = 0. List the prime factors of a.
11, 41, 107
Let v(t) = t**2 + 10*t + 25. Let y be v(-3). Suppose -n + 445 = 2*i - 312, -1138 = -3*i - y*n. List the prime factors of i.
2, 3, 7
Suppose -3*s + 15937 = -4*f, -15972 = -3*s + 21*f - 24*f. List the prime factors of s.
3, 197
Suppose 5*k + q - 780 = 0, 0*q = 4*k - 2*q - 624. Suppose -k*r + 1845 = -151*r. What are the prime factors of r?
3, 41
Let n = 24435 + -7375. List the prime factors of n.
2, 5, 853
Let t be (-1944)/(-2) + (-15)/(-5). Suppose -114 = -3*c + t. List the prime factors of c.
3, 11
Let w = -49 + 63. Let r(t) = -t**3 + 15*t**2 - 15*t + 12. Let k be r(w). List the prime factors of (92/(-6))/(k/21).
7, 23
Let a(m) = 42*m**2 - 43*m - 259. What are the prime factors of a(-11)?
2, 331
Let q(l) = l**2 - 80*l + 251. List the prime factors of q(-58).
5, 13, 127
Let t = 4 - 0. Let k(p) be the first derivative of -p**4/4 + 2*p**3 - 5*p**2/2 + 2*p - 17. List the prime factors of k(t).
2, 7
Let x(c) = 28*c**2 + 8*c - 122. Let y be x(8). Let j = -1196 + y. List the prime factors of j.
2, 269
Suppose 13*y + 3001 - 23580 = 0. Suppose y = 3*u - 634. What are the prime factors of u?
739
Let z(h) = -4*h - 9*h - 4*h + 27 + h**2. What are the prime factors of z(26)?
3, 29
Let h = -43 - -33. Let j(n) = -n**3 - 4*n**2 + 23*n + 28. What are the prime factors of j(h)?
2, 199
Suppose 0 = -9*t + 27683 - 2294. What are the prime factors of t?
7, 13, 31
Let c = 26017 + -4507. List the prime factors of c.
2, 3, 5, 239
Let w(p) = 46*p + 1. Suppose 0 = 4*x - 4*l, -4*x + 2*l - 3 = -5. Let u be w(x). Suppose -22 = -h - 5*g, 5*g + 63 + u = 5*h. What are the prime factors of h?
2, 11
Let o(w) be the third derivative of 0 + 1/3*w**4 + 1/30*w**5 + 0*w + 5/3*w**3 - 38*w**2 - 1/60*w**6. List the prime factors of o(-5).
2, 3, 5
Suppose 0 = -3*r - n - 5, -4*r + 5*n + 0 = 32. Let w(t) = -4*t**2 + 1742*t - 1738*t + 19*t**2. What are the prime factors of w(r)?
3, 41
What are the prime factors of (((-102)/(-119))/((-45)/(-1190)))/(4/3678)?
2, 17, 613
Let s = 12562 + -3450. List the prime factors of s.
2, 17, 67
Let i = -48 + 48. Let d(n) = 8*n - 2. Let j(b) = -b + 1. Let s(f) = 3*d(f) + 21*j(f). What are the prime factors of s(i)?
3, 5
Let n(w) = 3*w - 22. Let b be n(12). What are the prime factors of 3622/b + (72/42)/6?
7, 37
Suppose -3*f - 11*i = -14*i - 71466, -4*i - 47658 = -2*f. List the prime factors of f.
5, 11, 433
Suppose 5*v = -3*g + 327, 5*v + 622 = 4*g + 151. What are the prime factors of ((-3)/4)/(g/(-215536))?
2, 709
Let u(r) = -34*r + 10. Let t be u(-3). Let p = t + -108. Suppose 0 = p*z + y - 487, -5*y = 28 - 3. List the prime factors of z.
3, 41
Let q = -102 + 104. Suppose -1089 = -3*u + 4*a + 21, 4*u = -q*a + 1480. List the prime factors of u.
2, 5, 37
Suppose 0 = 4*r - 159 - 253. Suppose 53*x + r = 54*x. What are the prime factors of x?
103
Let j(c) = -c**2 + 9*c - 4. Let b be (-30)/(-4) + 17/34. Let y be j(b). Suppose -y*t + 38 = n - 52, 4*n + 5*t - 316 = 0. What are the prime factors of n?
2, 37
Let m = -725 - -25246. List the prime factors of m.
7, 31, 113
Let s(x) = -x**3 + 7*x**2 + 9 - 46 - 11 - 2*x - 5 - 2*x. List the prime factors of s(-10).
7, 241
Let o = -436 + 444. Suppose -5*f + o = -3*f, f + 876 = w. What are the prime factors of w?
2, 5, 11
Let z(w) = 7*w**2 - 46*w + 17. Let i be z(15). Let s = i - 180. What are the prime factors of s?
2, 19
Let q = -26 - -29. Suppose t + 4*l + 8 = 0, q*t - l = -2*t + 23. Suppose -81 = -t*j + 87. List the prime factors of j.
2, 3, 7
Let i be (-105)/(-6) + (4 - 21/6). Let o be 3/((4/i)/(-2)). Let r = o + 130. List the prime factors of r.
103
Let o = -89 + 141. Let h = o + 11. Suppose 3*c + 176 = 4*d, d - 5*c = h - 2. List the prime factors of d.
41
Let j(z) be the third derivative of z**6/120 + 7*z**5/30 - z**4/24 + 25*z**3/6 - 109*z**2. List the prime factors of j(-8).
3, 139
Let t(j) = 2*j**2 + 3*j + 65. Let a = -48 - -40. List the prime factors of t(a).
13
Let a be (-4)/(1/4 + 39/(-60)). Suppose 0 = a*o - 6*o - 2916. Suppose -13*w + 8*w = 2*f - o, -5*f = -5*w + 750. What are the prime factors of w?
3, 7
Let q(m) = 3*m + 16. Let g = 16 + -10. Let u(j) = -2*j**2 + 17*j - 14. Let r be u(g). What are the prime factors of q(r)?
2
List the prime factors of ((-70)/15 - (3 + -2))/(143/(-772629)).
17, 1801
Let j(f) = -908*f + 2352. List the prime factors of j(-36).
2, 3, 5, 73
Let j(i) = -835*i**3 + 2*i**2 + 24*i + 63. What are the prime factors of j(-3)?
2, 3, 7, 179
What are the prime factors of (12/8)/(2*(-6)/(-48120)) + -2?
7, 859
Let m(t) = -2*t**3 + 44*t**2 - 53*t - 2. Let i be m(17). Let u = i + -1178. List the prime factors of u.
809
Let a be (-5 - (2 - 8)) + 8. Let r(z) = -z**3 + 20*z**2 - 14*z - 6. List the prime factors of r(a).
3, 11, 23
Let t be ((-6)/(-4))/((-9)/(-102)). Suppose 4*y + 1 = t, y = -3*o + 4. Suppose o = j - 4*j + 360. List the prime factors of j.
2, 3, 5
Let r be (-2 + -193)/(8 - 7). Let j = r + 288. List the prime factors of j.
3, 31
Let o be (15/(-20))/((21/276)/7). Let r = 82 - o. What are the prime 